f 13460 and 55.
5
Calculate the greatest common divisor of 1879560 and 640.
40
Calculate the greatest common factor of 106942 and 44.
22
Calculate the greatest common divisor of 132 and 9348.
12
Calculate the highest common factor of 8 and 1905832.
8
What is the greatest common divisor of 1092 and 3675?
21
Calculate the highest common divisor of 1806579 and 9.
9
Calculate the highest common divisor of 533996 and 48.
4
What is the highest common factor of 18126 and 12654?
342
Calculate the highest common factor of 621659 and 269.
269
What is the greatest common divisor of 124 and 12652?
4
What is the greatest common divisor of 1108 and 48?
4
What is the greatest common divisor of 3 and 270591?
3
What is the greatest common factor of 3773 and 44?
11
Calculate the highest common factor of 1079184 and 48.
48
Calculate the highest common divisor of 116 and 1430222.
58
What is the highest common factor of 1200 and 3540?
60
Calculate the highest common divisor of 42048 and 13797.
657
What is the greatest common factor of 38538 and 24?
6
What is the greatest common divisor of 100 and 14380?
20
What is the highest common factor of 133246 and 34?
34
What is the greatest common divisor of 133 and 154?
7
Calculate the greatest common divisor of 3232 and 256.
32
Calculate the greatest common divisor of 175 and 427945.
35
What is the highest common factor of 252210 and 210?
210
What is the greatest common factor of 2298322 and 91?
13
What is the greatest common divisor of 25830 and 164?
82
What is the highest common factor of 1465 and 280?
5
Calculate the greatest common divisor of 3212 and 88.
44
Calculate the highest common divisor of 10142 and 1078.
22
What is the highest common factor of 12551 and 104483?
163
What is the greatest common divisor of 341455 and 10?
5
Calculate the highest common factor of 2351755 and 1655.
1655
What is the highest common divisor of 332275 and 225?
25
Calculate the greatest common divisor of 555828 and 39.
39
What is the greatest common divisor of 336 and 3464?
8
What is the highest common divisor of 136 and 10648?
8
What is the greatest common factor of 4239 and 2041?
157
What is the highest common factor of 680 and 39576?
136
Calculate the highest common divisor of 41 and 3676.
1
Calculate the highest common divisor of 3162 and 6018.
102
What is the highest common divisor of 58 and 110374?
58
Calculate the greatest common factor of 189 and 14472.
27
Calculate the greatest common factor of 140 and 194980.
20
What is the greatest common divisor of 3999 and 35346?
129
Calculate the highest common divisor of 12 and 256456.
4
Calculate the highest common factor of 76 and 18808.
4
Calculate the greatest common divisor of 688 and 11888.
16
Calculate the greatest common factor of 25038 and 1872.
234
What is the greatest common divisor of 1632 and 64362?
102
What is the greatest common factor of 429 and 663?
39
What is the greatest common divisor of 116 and 4670914?
58
What is the greatest common divisor of 2043 and 2484?
9
Calculate the greatest common factor of 31428 and 16684.
388
What is the greatest common divisor of 432 and 33318?
54
Calculate the highest common divisor of 101903 and 181.
181
What is the greatest common divisor of 21648 and 8976?
528
Calculate the highest common factor of 92484 and 28.
28
Calculate the highest common divisor of 33624 and 225094.
934
Calculate the highest common divisor of 16132 and 13024.
148
Calculate the highest common divisor of 11926 and 4556.
134
What is the highest common divisor of 41306 and 5358?
38
What is the greatest common factor of 48763 and 22?
11
Calculate the highest common divisor of 819 and 96759.
117
Calculate the greatest common factor of 5454 and 88072.
202
What is the greatest common factor of 630631 and 199?
199
Calculate the greatest common factor of 250 and 12790.
10
Calculate the greatest common factor of 1685 and 445.
5
Calculate the greatest common divisor of 82854 and 18.
18
Calculate the highest common factor of 16210 and 125.
5
What is the greatest common divisor of 533850 and 150?
150
What is the highest common factor of 316 and 1746611?
79
Calculate the greatest common factor of 85086 and 3712.
58
Calculate the greatest common divisor of 17121 and 351.
39
What is the highest common divisor of 165 and 7771940?
55
What is the highest common divisor of 533976 and 192?
24
What is the greatest common factor of 107216 and 104?
8
Calculate the highest common factor of 28 and 2706508.
28
What is the highest common factor of 5097011 and 29?
29
Calculate the greatest common divisor of 2068 and 8460.
188
Calculate the greatest common factor of 564 and 940.
188
Calculate the highest common divisor of 66638 and 31222.
466
Calculate the greatest common factor of 979 and 539.
11
What is the highest common divisor of 13 and 102132?
1
Calculate the highest common factor of 616 and 342232.
88
Calculate the greatest common divisor of 14192 and 5072.
16
Calculate the highest common factor of 591604 and 39636.
1468
What is the greatest common divisor of 957 and 1089385?
319
What is the greatest common divisor of 2346 and 810152?
782
Calculate the greatest common factor of 497130 and 70.
10
What is the highest common factor of 658 and 5875?
47
What is the greatest common divisor of 1121 and 44545?
59
What is the greatest common divisor of 114206 and 1751?
17
Calculate the highest common divisor of 282 and 16262.
94
Calculate the highest common divisor of 1240 and 25760.
40
What is the greatest common factor of 870 and 890?
10
Calculate the highest common divisor of 170541 and 63.
63
Calculate the greatest common divisor of 484 and 6688.
44
Calculate the greatest common factor of 27778 and 43.
43
What is the greatest common factor of 68541 and 27537?
201
Calculate the highest common factor of 138 and 2873298.
138
What is the greatest common divisor of 28 and 46118?
2
Calculate the greatest common factor of 1208288 and 183.
61
Calculate the highest common divisor of 45486 and 27.
9
Calculate the highest common divisor of 78 and 1615848.
78
What is the greatest common factor of 52112 and 64?
16
Calculate the greatest common factor of 82784 and 468.
52
What is the greatest common divisor of 120 and 24210?
30
What is the greatest common divisor of 1404 and 29770?
26
What is the highest common divisor of 60 and 2060730?
30
Calculate the highest common factor of 1577807 and 19096.
2387
Calculate the greatest common divisor of 5535 and 1150173.
1107
Calculate the highest common divisor of 60 and 705.
15
Calculate the highest common divisor of 1095 and 127385.
365
What is the highest common factor of 177 and 10561?
59
Calculate the highest common divisor of 788 and 373315.
197
What is the greatest common factor of 346 and 1358223?
173
What is the highest common divisor of 30 and 610?
10
Calculate the highest common factor of 189071 and 43.
43
Calculate the highest common divisor of 4410 and 1230.
30
Calculate the greatest common factor of 191731 and 109.
109
What is the highest common factor of 1750 and 2030?
70
Calculate the highest common divisor of 76 and 172197.
19
What is the highest common divisor of 1071 and 41293?
119
Calculate the highest common factor of 10461 and 3927.
33
Calculate the greatest common divisor of 7728 and 110208.
336
What is the highest common factor of 5157521 and 5305?
1061
Calculate the greatest common divisor of 2641 and 513.
19
What is the highest common divisor of 175 and 925?
25
Calculate the highest common factor of 880 and 1296.
16
What is the highest common factor of 395 and 755?
5
Calculate the greatest common divisor of 488 and 17488.
8
What is the greatest common divisor of 78 and 1590719?
13
What is the highest common factor of 2457 and 87815?
91
Calculate the greatest common divisor of 472880 and 16.
16
What is the highest common factor of 993438 and 108?
54
What is the highest common divisor of 2185570 and 20?
10
Calculate the greatest common divisor of 348 and 20242.
58
What is the highest common factor of 1421 and 5537?
49
What is the greatest common factor of 2714 and 1062?
118
Calculate the greatest common factor of 714 and 1106.
14
What is the greatest common divisor of 2695 and 36520?
55
Calculate the greatest common factor of 69472 and